(c) = 31*c - 1201. Let r be s(39). Let d(k) = -3*k + 15. Determine d(r).
-9
Let i(q) = q**3 + 7*q**2 - 5*q - 54. Let m(l) = 2*l**3 + 15*l**2 - 9*l - 118. Let k(w) = -9*i(w) + 4*m(w). Give k(-4).
-6
Suppose -552 = -8*y - 504. Let d(t) = -28764*t - t**3 + 28775*t + 1 - y - 4*t**2. What is d(-6)?
1
Let d(i) be the first derivative of -i**5/20 - i**4/4 + i**3/3 - 2*i**2 + 2*i - 88. Let b(p) be the first derivative of d(p). What is b(-4)?
4
Let c(o) = -o**3 + 8*o**2 - 9*o + 5. Suppose 42*g - 180 = 36*g. Suppose -h + 22 = -3*n, -5*h + 3*n + g = 4*n. Determine c(h).
-9
Let u = 182 + -180. Let c(y) = -99 - u*y - 100 + 299 - 105. Calculate c(-5).
5
Let k(y) = y**2 + 18*y - 21. Suppose 32*a - 10*a = -439 + 21. Calculate k(a).
-2
Suppose -2*y + 52 = 3*f - f, -5*f + 2*y + 144 = 0. Suppose -4*g - 5*m + 5 + f = 0, -m - 34 = -5*g. Let i = -9 + g. Let c(w) = -5*w. Give c(i).
10
Let j(m) = 2*m + 9. Let k be j(-7). Let a(h) be the third derivative of 0*h - 7/24*h**4 - 1/60*h**5 - 58*h**2 + 1 + 0*h**3. Calculate a(k).
10
Let d(w) = w**3 - w**2 - w - 1. Let u(n) = 4*n**3 - 15*n**2 - n - 12. Let f(b) = 6*d(b) - u(b). Let p be (-40)/60 - -2*(-138)/(-36) - 12. Give f(p).
6
Let h(c) = -4*c**2 - 2*c - 2. Let y(o) = 11*o**2 - 20*o + 39. Let i(g) = 2*h(g) + y(g). Give i(6).
-1
Suppose -79*o + 4644 = -70*o. Suppose 16 = -512*v + o*v. Let d(k) = k**2 - 5*k + 4. Determine d(v).
0
Let a(i) be the first derivative of -i**2/2 + 11*i + 1409. Give a(-13).
24
Let l(r) = -7947 - 61*r - 52*r + 8424 - 44*r. Give l(3).
6
Suppose 0 = 3*q - 0 - 21. Let a(k) = -2 - k**2 - 4*k + q*k + k + 5*k. Let n = -604 - -610. Give a(n).
16
Let k(g) = g**3 - 2*g**2 + g - 1. Let n be k(2). Suppose -j + 2 = n. Let p(q) = -22*q - 11. Let d(b) = -5*b - 5. Let v(x) = 2*d(x) - p(x). Calculate v(j).
13
Let k(t) = -4*t**2 - 16*t - 5. Let o(a) = -a**3 + 5*a**2 + 108*a - 54. Let x be o(13). Determine k(x).
11
Let m(t) = 26*t - 1. Let k be m(0). Let y(v) = 16*v + 3. Let g(r) = -r + 1. Let i(f) = -3*g(f) + y(f). What is i(k)?
-19
Let q(d) = -20*d**2 + 188*d**3 + 153*d**3 + 13 - 20*d - 342*d**3. What is q(-19)?
32
Let a(d) = -6*d**3 + 2*d**2 - 1. Suppose 4*v = -4*c + 4, 3*v + 25*c - 30*c = 43. Suppose -2*t = -3 - 3. Suppose y = -2, 4*y - v*y = -t*w + 1. Give a(w).
7
Let f(r) be the first derivative of -3*r + 233 - 3/2*r**2. Determine f(-7).
18
Let h(c) = c**2 + 10*c + 22. Let y = -96 + 87. Let v be h(y). Let n(j) = j - 1 - v*j + 5*j + 5*j. Calculate n(-4).
7
Suppose -4*r - 21 = -3*u, 28 = 4*u + 54*r - 58*r. Let z(k) = -k**3 + 9*k**2 - 11*k - 22. Determine z(u).
-1
Let b(t) be the first derivative of 7*t**2 + 18*t - 211. Let a be b(-1). Let c(s) = s**2 + s + 1. Determine c(a).
21
Let v be (0 + 3)*12/(-9). Let i(b) = b**2 - b + 2. Let g(j) = 2*j**2 - 9*j. Let n = -160 + 163. Let l(r) = n*i(r) - g(r). Determine l(v).
-2
Let h(n) = -78*n - 3. Let b(x) = -85*x + 171. Let g be b(2). What is h(g)?
-81
Let o(h) = -33*h**2 - h. Let w be o(-1). Suppose 19*t - 442 = 2*t. Let i = t + w. Let k(f) = 2*f - 2. What is k(i)?
-14
Let b(t) = -13*t**2 - 2*t + 1. Suppose -3*q + 7*q = 5*v - 3340, -5*v = 0. Let f = 833 + q. Calculate b(f).
-47
Let x(i) = -3*i - 16. Let k be 9 + (-484)/77 + (-4)/(-14). Calculate x(k).
-25
Let a(f) = f**3 + 2*f**2 - f + 2. Let x(d) = d - 198 - 200 + 394. Let g be x(1). Calculate a(g).
-4
Let u(r) = 6*r - 1. Let d = -8 - 1. Let g = 14 + d. Let f be (6/5)/(-3)*g. Determine u(f).
-13
Let y = 5 - 1. Let o be 7 - y - -1*3. Let c(h) be the first derivative of -h**4/4 + 7*h**3/3 - 7*h**2/2 + 8*h + 433. Give c(o).
2
Suppose -20 = -4*y - y. Suppose -q - 59*f + 45 = -64*f, -125 = -5*q + 5*f. Suppose -5*n + 9 + 18 = 4*g, -y*n + q = 3*g. Let c(w) = 2*w - 1. What is c(g)?
15
Suppose 2*c = -2*a + 22, -4*a - c + 5 = -24. Let v(p) = 3*p - p - 2 - 4*p + a*p. Calculate v(-1).
-6
Let n(w) = 5*w**2 + 20*w - 148. Let z(v) = -9*v**2 - 39*v + 248. Let o(p) = -7*n(p) - 4*z(p). Determine o(-14).
16
Suppose 142*c = 7*c + 15*c. Let o(i) = -11*i + 10. What is o(c)?
10
Let f(j) = 2*j**2 - 24*j + 2. Let g be 6/111 + 39278/3034. Give f(g).
28
Let w(j) = j - 15. Suppose 11*p - 8*p = -5*o + 35, -o = 4*p - 41. What is w(p)?
-5
Suppose 2*i = 2*y - 20, -7*i = -3*i + 12. Let v(w) = -13 + 2 - 15 - 5 + 3*w + 5. Calculate v(y).
-5
Suppose -2 = m, 0*n - 5*m - 7 = n. Let q(b) = 2*b**3 + 11*b**2 - 11*b + 2. Let v(f) = -f**3 - 10*f**2 + 10*f - 3. Let l(i) = n*v(i) + 2*q(i). What is l(7)?
2
Let i = -18229 + 18232. Let d(v) be the second derivative of -i*v + 0 + 2*v**2 + 1/6*v**3. Calculate d(-4).
0
Let w(y) = 4*y**3 - 2*y**2 - y + 3. Let b be w(1). Let r be (-14)/(-6) + 1/(-3). Let h(i) = 0 - i + 4*i**2 - 7*i**r - 2 + i**3. Determine h(b).
10
Let t(q) be the second derivative of -q**5/120 + q**4/24 - 23*q**3/3 - 20*q - 1. Let n(j) be the second derivative of t(j). Determine n(13).
-12
Let t(p) = -8*p - 98. Let n be t(-13). Let b(w) = -2*w**2 - 2*w**3 + n - 5 + 0 - w**2. What is b(-2)?
5
Let o(t) = 3*t**2 - 99*t + 262. Let v be o(30). Let w(l) = 3*l + 32. Give w(v).
8
Let t(d) = -30*d + 23. Let h(l) be the third derivative of -13*l**4/24 + 11*l**3/6 + 4*l**2 - 8*l. Let c(w) = -7*h(w) + 3*t(w). Determine c(10).
2
Let l = -8 - -8. Suppose l = -5*x + x - 1776. Let o be (-22)/(-18) + -1 - x/(-54). Let q(y) = y**3 + 7*y**2 - 8*y + 7. Give q(o).
7
Let b(i) = 3*i - 33. Suppose 0 = -3*n - 464 + 494. Determine b(n).
-3
Let s(k) = -15 + k**3 - 20 - 25 + 79 + 75*k + 28*k**2 - 26. What is s(-25)?
-7
Let l be (-1406)/(-111) - 16/6. Let z(u) = -4*u**2 + 9*u + 3. Let a(t) = -3*t**2 + 9*t + 3. Let f(b) = 3*a(b) - 2*z(b). Calculate f(l).
-7
Suppose 0 = -6*x - 3 + 45. Suppose -5*g + 67 = -2*n, 5*g - 3*n - 56 = x. Suppose -9*w + 4*w = g. Let i(o) = -o**2 + 4. Give i(w).
-5
Let f(b) = 21*b - 36 + 28 - 16*b - 31. What is f(6)?
-9
Suppose -65 - 45 = -10*z. Let q(h) = z*h + 1 - h - 5*h**2 + h**2 + 2*h**2. Give q(7).
-27
Suppose -11*v = 28*v - 46*v - 21. Let o(y) be the third derivative of -y**5/30 + y**3/6 + 2*y**2. Calculate o(v).
-17
Let q(d) = 29*d**2 + 27*d + 1. Let m be ((-16)/(-144))/((-88)/(-18) + -5). Calculate q(m).
3
Let z(k) = -k**2 - k - 2. Let n(g) = -4*g**2 - 7*g - 12. Let y(a) = 2*n(a) - 10*z(a). Determine y(-2).
12
Let p(i) = 5*i - 103. Let k(j) = -j**3 - 10*j**2 + 31*j + 106. Let t be k(-12). Let q be p(t). Let n(z) = 2*z + 4. Determine n(q).
18
Let k(j) be the second derivative of -j**4/12 - j**3/3 - j**2 + 4*j + 46. Suppose 2*z - h = -1, -4*z + 0*z = 2*h + 14. Give k(z).
-2
Let w(y) = -y**2 + y + 66. Let s be (-5 + 10 + (-4 - -1))*-4. Give w(s).
-6
Let a = -13 + 19. Let v(c) be the third derivative of -c**6/120 + c**5/10 + c**4/24 - c**3/2 + 722*c**2 - 21*c. Determine v(a).
3
Let r(k) = 9 + 0 + 6 + 3 - 2*k - 4 - 31. Suppose a + 4*a + 45 = 0. Determine r(a).
1
Let m(x) = -70. Let s(i) = 6*i + 1323. Let v(g) = -18*m(g) - s(g). Determine v(-12).
9
Suppose 7*f + 3*f = 340. Let y = 40 - f. Let q(m) = 9 - 4*m**3 - 7 + 3*m**3 - y*m**2 + 2*m. Determine q(-6).
-10
Let v(w) = -31*w + 595. Let d(u) = 10*u - 208. Let o(q) = -11*d(q) - 4*v(q). Calculate o(7).
6
Let l(r) = 54*r - 100. Suppose -3*m - 7 = -5*c, -3*c - 49*m + 48*m = -7. Determine l(c).
8
Let k = -3606 - -3607. Let h(c) = -45*c**3 - c**2 + 1. Determine h(k).
-45
Let s(p) = -10*p - 324. Let t(v) = -v**2 + 17*v - 102. Let j be t(7). Calculate s(j).
-4
Suppose -28 = 5*b - b. Let q(i) = -9 + 9*i + 0*i**3 - i - 4*i**3 - 3*i + 5. Let p(o) = -9*o**3 + o**2 + 11*o - 9. Let x(y) = b*q(y) + 3*p(y). What is x(-4)?
-7
Let j = -1825 - 189. Let d be j/848 - (-6)/16. Let o(r) = -r**3 - 2*r**2 - r + 1. Calculate o(d).
3
Let m(q) = -q**3 - 6*q**2 + 15*q - 21. Suppose -44 = 46*a - 42*a - j, 0 = 4*a + j + 28. Determine m(a).
87
Suppose -249*t + 250*t = 2. Let o(m) = -154*m**t + 6 + 160*m**2 + m**3 + 6*m - 4*m. What is o(-5)?
21
Suppose 8 = -0*j + 2*j, 4*j = -4*t + 24. Let u(c) be the third derivative of c**4/24 + c**3/6 + 91*c**2 - 1. Calculate u(t).
3
Let i(l) be the first derivative of -l**4/4 + 2*l**3 - 7*l**2/2 + 6*l - 1. Let s be 4 + -13 + 6 + 8. What is i(s)?
-4
Let l be (-19 - -30)*-3*17. Let x = -559 - l. Let d(o) = 3*o**3 - 4*o**2 + o + 2. What is d(x)?
12
Let p(b) = 0 - 4*b - 2 - 4 - 7*b + b**2. What is p(11)?
-6
Let v(x) be the first derivative of -x**4/4 - x**3/3 + x**2/2 - 5*x - 17. Let k be v(0). Let h 